 (-51)/2*(-20)/15. What is the greatest common factor of m and 17?
17
Let r = 25 - 22. Calculate the highest common divisor of 6 and r.
3
Suppose 4*g = -4*a + 55 + 21, 3*g - 78 = -4*a. What is the highest common divisor of 14 and a?
7
Let c be 8541/63 + (-1)/((-7)/(-4)). Calculate the greatest common factor of 9 and c.
9
Let a(x) = -x**3 - 20*x**2 + 43*x - 16. Let c be a(-22). Calculate the highest common divisor of 66 and c.
6
Let b = -20 + 32. Calculate the greatest common divisor of b and 3.
3
Let q = 308 + -158. Suppose k = -4*k + 2*o + q, o = k - 30. What is the highest common factor of 45 and k?
15
Let y(i) = 10*i**3 - i**2 - i + 1. Let l(p) = -p + 7. Let x be l(6). Let v be y(x). What is the highest common factor of 9 and v?
9
Suppose 2*m - 43 - 59 = 0. Calculate the highest common factor of m and 17.
17
Suppose 5*a - 2*n + 139 = 629, 2*a = -3*n + 215. Calculate the greatest common divisor of 10 and a.
10
Suppose 0 = -0*a - 2*a + 124. Let r = 104 - a. Let g(s) = 27*s**2 + 1. Let v be g(-1). What is the greatest common factor of r and v?
14
Suppose d - 2*d = 0. Suppose d*g = 3*g - 48. What is the greatest common divisor of 112 and g?
16
Let t(w) = 3*w - 13. Let u be t(10). What is the greatest common factor of u and 68?
17
Let n(j) = -j**3 + 14*j**2 - 6*j - 13. Let h be n(13). Suppose -4*o = -o - h. Calculate the greatest common divisor of o and 65.
13
Let x = -1 + 2. What is the highest common factor of 1 and x?
1
Let t(m) = -m**2 - 11*m - 7. Let q be t(-10). Calculate the highest common factor of 18 and q.
3
Suppose 5*g - 12 + 2 = 0. Suppose 5*x + 5*v - 85 = -15, -g*x + 5*v = 0. What is the highest common divisor of x and 15?
5
Let l be 8 + (-7 - -3) + 2. Let r be 4/l*(4 + -145). Let z be (-4)/6 - r/6. What is the greatest common divisor of z and 105?
15
Suppose 0 = 4*f - 2*p - 100, -5*f = -2*p - 57 - 66. What is the highest common divisor of f and 46?
23
Let g = 66 - 48. What is the greatest common factor of g and 30?
6
Let f be 50 + 1 + 3 + -2. What is the greatest common divisor of f and 13?
13
Suppose 0*o = 3*o - 48. Let u be 11/((-594)/(-3468)) - 4/18. Calculate the greatest common factor of u and o.
16
Suppose -7*i = f - 2*i - 143, -5*i + 311 = 2*f. Calculate the greatest common factor of f and 21.
21
Let x be -2*-11*(-1)/(-2). Calculate the highest common factor of 1 and x.
1
Suppose 2*i = 15 - 7. Calculate the greatest common divisor of i and 1.
1
Let h be 184 - ((-7 - -3) + 4). What is the greatest common factor of 23 and h?
23
Suppose s + 448 = 4*y, 3*y + s = 6*s + 336. Suppose 2*w = -4*i + y, 3*w - 8 = 5*i + 182. What is the greatest common divisor of w and 10?
10
Let o(x) = 14*x**2. Let c(d) = -d**3 - 2. Let q be c(0). Let k be o(q). Let l = -10 - -24. Calculate the highest common factor of l and k.
14
Suppose -4*v - 4*j + 272 = -0*j, 3*v = 3*j + 180. Calculate the greatest common divisor of v and 16.
16
Suppose -d + 2*d - 7 = 0. Let z = 1 + d. What is the highest common divisor of z and 40?
8
Let i be 2/3 - 34/(-3). Let y = -13 - -9. Let s = 52 + y. What is the greatest common divisor of s and i?
12
Suppose l + 13 = -4*r, r - 4*r - 10 = l. Let a be (7/3)/(r/(-54)). Suppose 0*h - 252 = -4*h. Calculate the greatest common factor of h and a.
21
Let o(y) = -7*y + 1. Let h be o(-1). Let j = h + -1. What is the highest common factor of 35 and j?
7
Let b(s) = 68*s - 4. Let g be b(1). What is the highest common divisor of 4 and g?
4
Suppose 4*w - 52 = -3*c + 122, 3*w + 2*c - 131 = 0. Calculate the greatest common divisor of 15 and w.
15
Let j be (-6 - -7)/((-1)/(-21)). What is the highest common factor of j and 7?
7
Suppose 2*m - 4*s = 12, -6*m - 33 = -4*m + 5*s. Let h = m - -16. What is the highest common factor of 132 and h?
12
Suppose 5*h = 3*h + 8. Suppose -3*a = -2*s - 8*a - 54, 4*s + 3*a + 136 = 0. Let z = 81 + s. What is the greatest common factor of h and z?
4
Suppose f + 2*c = -2*f - 20, 5*f + 3*c = -34. Let j(p) = -p - 5. Let z be j(f). Calculate the greatest common divisor of 6 and z.
3
Let k(g) = -4*g**3 + 0*g**2 - g**3 - g**2. Let j be k(-1). Suppose -3*u + j*f + 50 = 0, 5*u + 2*f - 10 = 3*u. What is the highest common factor of 4 and u?
2
Let t(y) = -y**3 - 6*y**2 + 7*y + 3. Let u be t(-7). Suppose 18 = 4*r - 2*d, -d - u = -3*r + 12. What is the highest common divisor of 12 and r?
6
Let v(i) = 3*i**2 + 3*i - 10. Let m be v(5). Calculate the greatest common factor of 32 and m.
16
Let a = -6 + 6. Suppose a = -4*n + 16, x + n - 320 = -4*n. Calculate the greatest common divisor of 30 and x.
30
Let h(i) = -i**3 + 8*i**2 + 2*i + 3. Let c be h(8). Suppose c = 3*a - 32. What is the highest common divisor of a and 17?
17
Let m be 904/18 + 8/(-36). What is the greatest common divisor of 75 and m?
25
Suppose 2*q = 3*q - 5. Suppose q*f = 3*f - 10, 5*x - 95 = 2*f. Calculate the highest common divisor of x and 17.
17
Let h be 4/10 - 26/(-10). Suppose -b = -24 + h. Let p = 2 + 5. What is the highest common divisor of p and b?
7
Let z(n) = -4*n**2 - 3*n + 3. Let i(v) = 4*v**2 + 4*v - 4. Let k(l) = -6*i(l) - 7*z(l). Let m be k(-3). Calculate the highest common divisor of m and 72.
24
Suppose 5*s - 330 = -6*k + k, -4*s + 5*k = -246. Suppose 0 = v - 5*v - 172. Let d = s + v. Calculate the greatest common factor of d and 7.
7
Let u = -127 + 129. Calculate the highest common factor of u and 22.
2
Let k(u) = u**3 - 6*u**2 + 5*u - 5. Let i = 5 + 1. Let n be k(i). What is the greatest common divisor of 5 and n?
5
Let h(g) = g**2 + 6*g + 3. Let w(t) = -3*t - 1. Let p be w(2). Let j be h(p). Let y be 1 + (39 - 0/2). What is the greatest common divisor of j and y?
10
Suppose 0 = 10*l - 800 + 60. Calculate the greatest common divisor of 111 and l.
37
Suppose 3*k + 3*w - 48 = 0, 2*w + 44 = 4*k + 10. Calculate the greatest common factor of 77 and k.
11
Suppose 0 = -3*t - 31 - 68. Let i = 35 - t. Calculate the highest common factor of 17 and i.
17
Let j(z) = -z + 3. Let v = -2 - 4. Let w be j(v). Suppose 210 = 3*r + 3*y - 0*y, -3*y - 6 = 0. What is the highest common divisor of w and r?
9
Let v = -7 - -11. Suppose v*n = n - 654. Let c = -101 - n. Calculate the highest common factor of c and 13.
13
Suppose -n - k = -59, -2*n + k = -0*n - 103. Let w(a) = a + 4. Let p be w(5). What is the highest common factor of n and p?
9
Let i be 11 + 1 - 0/1. Let c = 5 - 9. Let m be 7*1 + (-4)/c. What is the greatest common divisor of i and m?
4
Suppose -3*r + 2 = -1. Let q be 35 + (-1 - (-3 + r)). Let f be (0 + 1)*(-24)/(-2). What is the greatest common factor of q and f?
12
Let g be 69 - 1/((-3)/(-6)). Let i = g - 122. Let t = i + 91. What is the greatest common divisor of 4 and t?
4
Suppose -2*w - 1 = j, -5*j - 7*w + 2*w = -20. Calculate the highest common divisor of 6 and j.
3
Suppose -1 - 43 = -4*l. Calculate the greatest common factor of l and 77.
11
Suppose 0 = -2*u + 7 + 3. Let k(w) = w + 5. Let l be k(u). Let g be (-20)/((-2)/(4/1)). Calculate the greatest common factor of g and l.
10
Let m be (5 - (-3303)/(-45))/((-4)/10). What is the highest common divisor of m and 19?
19
Let t be (0 + 1)*(19 + 6). What is the greatest common factor of 275 and t?
25
Let y be 189/15 + (-2)/(-5). Suppose -k - 2*k = h - 35, 3*k = 4*h + 55. Calculate the highest common factor of k and y.
13
Let d(x) be the second derivative of x**4/6 - 2*x**3/3 - 2*x. Let p be d(-7). Suppose h = 4*h - p. What is the highest common divisor of h and 63?
21
Let y be (-34 - -31)*(-29 + -1). Suppose 0 = 3*h - 0*h - 30. What is the greatest common divisor of y and h?
10
Suppose 35 + 33 = 4*x. Calculate the highest common divisor of 34 and x.
17
Let r = -11 - -17. Suppose 2*s - 3*l = -0*l + r, -4*s + 28 = -2*l. What is the greatest common factor of s and 9?
9
Let g(y) = y + 13. Suppose 4*i - 9 + 37 = 0. Let d be g(i). Suppose 3*k - d*k + 3*j = -54, 4*j + 36 = 2*k. Calculate the greatest common divisor of k and 2.
2
Let t(y) = -10*y - 1. Let a be t(-1). Suppose -5*z - f + a = -25, z - 4*f + 10 = 0. Let u be 10/z + (-6)/9. What is the highest common divisor of u and 3?
1
Let x(p) = 27*p**3 + 2*p - 1. Let n be x(1). Suppose -4 - n = -l. Calculate the highest common factor of 80 and l.
16
Let o = 118 + -63. Let x be 10/55 + 240/11. What is the highest common factor of x and o?
11
Suppose b - 8 -